{"id":2,"date":"2022-10-29T15:18:39","date_gmt":"2022-10-29T13:18:39","guid":{"rendered":"http:\/\/hgoyopv.cluster028.hosting.ovh.net\/?page_id=2"},"modified":"2024-04-26T17:43:51","modified_gmt":"2024-04-26T15:43:51","slug":"page-d-exemple","status":"publish","type":"page","link":"https:\/\/b2rhconseil.com\/index.php\/page-d-exemple\/","title":{"rendered":"Notre engagement qualit\u00e9"},"content":{"rendered":"\n<p><\/p>\n\n\n<div class=\"wp-block-image\">\n<figure class=\"aligncenter size-large is-resized\"><img loading=\"lazy\" decoding=\"async\" width=\"1024\" height=\"547\" src=\"http:\/\/b2rhconseil.com\/wp-content\/uploads\/2022\/11\/stone-tower-3502945_1280-1-1024x547.jpg\" alt=\"\" class=\"wp-image-527\" style=\"width:843px;height:450px\" srcset=\"https:\/\/b2rhconseil.com\/wp-content\/uploads\/2022\/11\/stone-tower-3502945_1280-1-1024x547.jpg 1024w, https:\/\/b2rhconseil.com\/wp-content\/uploads\/2022\/11\/stone-tower-3502945_1280-1-300x160.jpg 300w, https:\/\/b2rhconseil.com\/wp-content\/uploads\/2022\/11\/stone-tower-3502945_1280-1-768x410.jpg 768w, https:\/\/b2rhconseil.com\/wp-content\/uploads\/2022\/11\/stone-tower-3502945_1280-1.jpg 1280w\" sizes=\"auto, (max-width: 1024px) 100vw, 1024px\" \/><\/figure>\n<\/div>\n\n\n<p class=\"has-text-align-center\"><strong>Notre objectif : vous garantir une prestation 100% pragmatique et efficace<\/strong><\/p>\n\n\n\n<p><\/p>\n\n\n\n<p>B2 RH Conseil est membre de l\u2019association GARF Provence (Groupement des acteurs des responsables formation) et b\u00e9n\u00e9ficie du partage d\u2019exp\u00e9riences de la communaut\u00e9 tant au niveau local que national.<\/p>\n\n\n\n<p>&nbsp;B2 RH Conseil est \u00e0 votre service dans le respect de la r\u00e8glementation, des personnes et de l\u2019environnement. Nous souhaitons mettre \u00e0 votre service l\u2019excellence, la qualit\u00e9 de ses prestations.<\/p>\n\n\n\n<p><strong>Une expertise \u00e0 votre service<\/strong><\/p>\n\n\n\n<p>Avec une expertise m\u00e9tier de plus de 30 ans, ma valeur ajout\u00e9e r\u00e9side dans l\u2019apport de conseils, de l\u2019accompagnement et des animations de formations pragmatiques. B2 RH Conseil prend en compte votre environnement, votre contexte professionnel, votre culture d\u2019entreprise et vos enjeux pour r\u00e9pondre \u00e0 vos besoins. Nous travaillons dans le respect du code de d\u00e9ontologie bas\u00e9 sur cinq th\u00e8mes (l\u2019\u00e9thique professionnelle, la relation client, la relation avec les b\u00e9n\u00e9ficiaires, la relation \u00e0 la profession et le respect des lois).<\/p>\n\n\n\n<p><strong>Des solutions r\u00e9pondant \u00e0 tous vos besoins<\/strong><\/p>\n\n\n\n<p>A l\u2019\u00e9coute de votre probl\u00e9matique, B2 RH Conseil vous propose un accompagnement personnalis\u00e9 en fonction de votre contexte et de vos enjeux. Cet accompagnement peut prendre la forme d\u2019un diagnostic, de conseils, d\u2019accompagnement ou de formation.<\/p>\n\n\n\n<p>Une proposition de services reformule le contexte, la probl\u00e9matique et la demande. Elle pr\u00e9cise le but et les objectifs de l\u2019intervention. Elle d\u00e9taille une d\u00e9marche et un dispositif d\u2019\u00e9valuation et propose un tarif et un d\u00e9lai.<\/p>\n\n\n\n<p><strong>Un accompagnement personnalis\u00e9<\/strong><\/p>\n\n\n\n<p>Parce que votre entreprise et votre besoin sont uniques, nous vous proposons un accompagnement personnalis\u00e9. Vous conservez le m\u00eame interlocuteur du premier contact jusqu\u2019\u00e0 la fin de l\u2019intervention. Il est joignable facilement et apporte une r\u00e9ponse dans la journ\u00e9e.<\/p>\n\n\n\n<p>Chaque \u00e9tape, chaque r\u00e9union donne lieu \u00e0 un compte rendu ou un relev\u00e9 de d\u00e9cisions.<\/p>\n\n\n\n<p>Int\u00e9gr\u00e9 dans un r\u00e9seau de professionnels, et travaillant r\u00e9guli\u00e8rement avec d\u2019autres consultants et formateurs, nous sommes susceptibles de mobiliser&nbsp;rapidement d\u2019autres comp\u00e9tences et de nous engager sur la qualit\u00e9 des interventions.<\/p>\n\n\n\n<p><strong>Le suivi des r\u00e9sultats : un gage de transparence !<\/strong><\/p>\n\n\n\n<p>B2 RH Conseil s\u2019engage \u00e0 r\u00e9aliser des \u00e9valuations de tous ces services (conseils, accompagnements, formations). Une \u00e9valuation en fin de prestation est r\u00e9alis\u00e9e. B2 RH Conseil recontacte ses clients apr\u00e8s quelques semaines pour \u00e9valuer le ou les b\u00e9n\u00e9fice(s) apport\u00e9(s) par ses conseils et son accompagnement.<\/p>\n\n\n\n<p>B2 RH Conseil s\u2019engage sur le r\u00e9sultat de ces interventions et assure un suivi de ses prestations garantissant leur succ\u00e8s et la satisfaction de ses clients.<\/p>\n\n\n\n<p>Martigues, le 26 avril 2024<\/p>\n\n\n\n<p>B\u00e9atrice B\u00e9nazet &#8211; Pr\u00e9sidente<\/p>\n\n\n\n<p><\/p>\n\n\n\n<p><\/p>\n","protected":false},"excerpt":{"rendered":"<p class=\"qua-blog-post-description\">Notre objectif : vous garantir une prestation 100% pragmatique et efficace B2 RH Conseil est membre de l\u2019association GARF Provence (Groupement des acteurs des responsables formation) et b\u00e9n\u00e9ficie du partage d\u2019exp\u00e9riences de la communaut\u00e9 tant au niveau local que national. &nbsp;B2 RH Conseil est \u00e0 votre service dans le respect de la r\u00e8glementation, des personnes [&hellip;]<\/p>\n","protected":false},"author":1,"featured_media":0,"parent":0,"menu_order":0,"comment_status":"closed","ping_status":"open","template":"","meta":{"footnotes":""},"class_list":["post-2","page","type-page","status-publish","hentry"],"yoast_head":"<!-- This site is optimized with the Yoast SEO plugin v27.4 - https:\/\/yoast.com\/product\/yoast-seo-wordpress\/ -->\n<title>Notre engagement qualit\u00e9 - B2 RH Conseil<\/title>\n<meta name=\"robots\" content=\"index, follow, max-snippet:-1, max-image-preview:large, max-video-preview:-1\" \/>\n<link rel=\"canonical\" href=\"https:\/\/b2rhconseil.com\/index.php\/page-d-exemple\/\" \/>\n<meta property=\"og:locale\" content=\"fr_FR\" \/>\n<meta property=\"og:type\" content=\"article\" \/>\n<meta property=\"og:title\" content=\"Notre engagement qualit\u00e9 - B2 RH Conseil\" \/>\n<meta property=\"og:description\" content=\"Notre objectif : vous garantir une prestation 100% pragmatique et efficace B2 RH Conseil est membre de l\u2019association GARF Provence (Groupement des acteurs des responsables formation) et b\u00e9n\u00e9ficie du partage d\u2019exp\u00e9riences de la communaut\u00e9 tant au niveau local que national. &nbsp;B2 RH Conseil est \u00e0 votre service dans le respect de la r\u00e8glementation, des personnes [&hellip;]\" \/>\n<meta property=\"og:url\" content=\"https:\/\/b2rhconseil.com\/index.php\/page-d-exemple\/\" \/>\n<meta property=\"og:site_name\" content=\"B2 RH Conseil\" \/>\n<meta property=\"article:publisher\" content=\"https:\/\/www.facebook.com\/BeatriceBenazetMaury\" \/>\n<meta property=\"article:modified_time\" content=\"2024-04-26T15:43:51+00:00\" \/>\n<meta property=\"og:image\" content=\"http:\/\/b2rhconseil.com\/wp-content\/uploads\/2022\/11\/stone-tower-3502945_1280-1-1024x547.jpg\" \/>\n<meta name=\"twitter:card\" content=\"summary_large_image\" \/>\n<meta name=\"twitter:label1\" content=\"Dur\u00e9e de lecture estim\u00e9e\" \/>\n\t<meta name=\"twitter:data1\" content=\"3 minutes\" \/>\n<script type=\"application\/ld+json\" class=\"yoast-schema-graph\">{\"@context\":\"https:\\\/\\\/schema.org\",\"@graph\":[{\"@type\":\"WebPage\",\"@id\":\"https:\\\/\\\/b2rhconseil.com\\\/index.php\\\/page-d-exemple\\\/\",\"url\":\"https:\\\/\\\/b2rhconseil.com\\\/index.php\\\/page-d-exemple\\\/\",\"name\":\"Notre engagement qualit\u00e9 - B2 RH Conseil\",\"isPartOf\":{\"@id\":\"https:\\\/\\\/b2rhconseil.com\\\/#website\"},\"primaryImageOfPage\":{\"@id\":\"https:\\\/\\\/b2rhconseil.com\\\/index.php\\\/page-d-exemple\\\/#primaryimage\"},\"image\":{\"@id\":\"https:\\\/\\\/b2rhconseil.com\\\/index.php\\\/page-d-exemple\\\/#primaryimage\"},\"thumbnailUrl\":\"http:\\\/\\\/b2rhconseil.com\\\/wp-content\\\/uploads\\\/2022\\\/11\\\/stone-tower-3502945_1280-1-1024x547.jpg\",\"datePublished\":\"2022-10-29T13:18:39+00:00\",\"dateModified\":\"2024-04-26T15:43:51+00:00\",\"breadcrumb\":{\"@id\":\"https:\\\/\\\/b2rhconseil.com\\\/index.php\\\/page-d-exemple\\\/#breadcrumb\"},\"inLanguage\":\"fr-FR\",\"potentialAction\":[{\"@type\":\"ReadAction\",\"target\":[\"https:\\\/\\\/b2rhconseil.com\\\/index.php\\\/page-d-exemple\\\/\"]}]},{\"@type\":\"ImageObject\",\"inLanguage\":\"fr-FR\",\"@id\":\"https:\\\/\\\/b2rhconseil.com\\\/index.php\\\/page-d-exemple\\\/#primaryimage\",\"url\":\"https:\\\/\\\/b2rhconseil.com\\\/wp-content\\\/uploads\\\/2022\\\/11\\\/stone-tower-3502945_1280-1.jpg\",\"contentUrl\":\"https:\\\/\\\/b2rhconseil.com\\\/wp-content\\\/uploads\\\/2022\\\/11\\\/stone-tower-3502945_1280-1.jpg\",\"width\":1280,\"height\":684},{\"@type\":\"BreadcrumbList\",\"@id\":\"https:\\\/\\\/b2rhconseil.com\\\/index.php\\\/page-d-exemple\\\/#breadcrumb\",\"itemListElement\":[{\"@type\":\"ListItem\",\"position\":1,\"name\":\"Home\",\"item\":\"https:\\\/\\\/b2rhconseil.com\\\/\"},{\"@type\":\"ListItem\",\"position\":2,\"name\":\"Notre engagement qualit\u00e9\"}]},{\"@type\":\"WebSite\",\"@id\":\"https:\\\/\\\/b2rhconseil.com\\\/#website\",\"url\":\"https:\\\/\\\/b2rhconseil.com\\\/\",\"name\":\"B2 RH Conseil\",\"description\":\"Cabinet RH au service des entreprises et organismes de formation\",\"publisher\":{\"@id\":\"https:\\\/\\\/b2rhconseil.com\\\/#organization\"},\"potentialAction\":[{\"@type\":\"SearchAction\",\"target\":{\"@type\":\"EntryPoint\",\"urlTemplate\":\"https:\\\/\\\/b2rhconseil.com\\\/?s={search_term_string}\"},\"query-input\":{\"@type\":\"PropertyValueSpecification\",\"valueRequired\":true,\"valueName\":\"search_term_string\"}}],\"inLanguage\":\"fr-FR\"},{\"@type\":\"Organization\",\"@id\":\"https:\\\/\\\/b2rhconseil.com\\\/#organization\",\"name\":\"B2 RH Conseil\",\"url\":\"https:\\\/\\\/b2rhconseil.com\\\/\",\"logo\":{\"@type\":\"ImageObject\",\"inLanguage\":\"fr-FR\",\"@id\":\"https:\\\/\\\/b2rhconseil.com\\\/#\\\/schema\\\/logo\\\/image\\\/\",\"url\":\"https:\\\/\\\/b2rhconseil.com\\\/wp-content\\\/uploads\\\/2023\\\/01\\\/cropped-logo-web.jpg\",\"contentUrl\":\"https:\\\/\\\/b2rhconseil.com\\\/wp-content\\\/uploads\\\/2023\\\/01\\\/cropped-logo-web.jpg\",\"width\":153,\"height\":104,\"caption\":\"B2 RH Conseil\"},\"image\":{\"@id\":\"https:\\\/\\\/b2rhconseil.com\\\/#\\\/schema\\\/logo\\\/image\\\/\"},\"sameAs\":[\"https:\\\/\\\/www.facebook.com\\\/BeatriceBenazetMaury\",\"https:\\\/\\\/www.linkedin.com\\\/in\\\/beatrice-benazet\\\/\"]}]}<\/script>\n<!-- \/ Yoast SEO plugin. -->","yoast_head_json":{"title":"Notre engagement qualit\u00e9 - B2 RH Conseil","robots":{"index":"index","follow":"follow","max-snippet":"max-snippet:-1","max-image-preview":"max-image-preview:large","max-video-preview":"max-video-preview:-1"},"canonical":"https:\/\/b2rhconseil.com\/index.php\/page-d-exemple\/","og_locale":"fr_FR","og_type":"article","og_title":"Notre engagement qualit\u00e9 - B2 RH Conseil","og_description":"Notre objectif : vous garantir une prestation 100% pragmatique et efficace B2 RH Conseil est membre de l\u2019association GARF Provence (Groupement des acteurs des responsables formation) et b\u00e9n\u00e9ficie du partage d\u2019exp\u00e9riences de la communaut\u00e9 tant au niveau local que national. &nbsp;B2 RH Conseil est \u00e0 votre service dans le respect de la r\u00e8glementation, des personnes [&hellip;]","og_url":"https:\/\/b2rhconseil.com\/index.php\/page-d-exemple\/","og_site_name":"B2 RH Conseil","article_publisher":"https:\/\/www.facebook.com\/BeatriceBenazetMaury","article_modified_time":"2024-04-26T15:43:51+00:00","og_image":[{"url":"http:\/\/b2rhconseil.com\/wp-content\/uploads\/2022\/11\/stone-tower-3502945_1280-1-1024x547.jpg","type":"","width":"","height":""}],"twitter_card":"summary_large_image","twitter_misc":{"Dur\u00e9e de lecture estim\u00e9e":"3 minutes"},"schema":{"@context":"https:\/\/schema.org","@graph":[{"@type":"WebPage","@id":"https:\/\/b2rhconseil.com\/index.php\/page-d-exemple\/","url":"https:\/\/b2rhconseil.com\/index.php\/page-d-exemple\/","name":"Notre engagement qualit\u00e9 - B2 RH Conseil","isPartOf":{"@id":"https:\/\/b2rhconseil.com\/#website"},"primaryImageOfPage":{"@id":"https:\/\/b2rhconseil.com\/index.php\/page-d-exemple\/#primaryimage"},"image":{"@id":"https:\/\/b2rhconseil.com\/index.php\/page-d-exemple\/#primaryimage"},"thumbnailUrl":"http:\/\/b2rhconseil.com\/wp-content\/uploads\/2022\/11\/stone-tower-3502945_1280-1-1024x547.jpg","datePublished":"2022-10-29T13:18:39+00:00","dateModified":"2024-04-26T15:43:51+00:00","breadcrumb":{"@id":"https:\/\/b2rhconseil.com\/index.php\/page-d-exemple\/#breadcrumb"},"inLanguage":"fr-FR","potentialAction":[{"@type":"ReadAction","target":["https:\/\/b2rhconseil.com\/index.php\/page-d-exemple\/"]}]},{"@type":"ImageObject","inLanguage":"fr-FR","@id":"https:\/\/b2rhconseil.com\/index.php\/page-d-exemple\/#primaryimage","url":"https:\/\/b2rhconseil.com\/wp-content\/uploads\/2022\/11\/stone-tower-3502945_1280-1.jpg","contentUrl":"https:\/\/b2rhconseil.com\/wp-content\/uploads\/2022\/11\/stone-tower-3502945_1280-1.jpg","width":1280,"height":684},{"@type":"BreadcrumbList","@id":"https:\/\/b2rhconseil.com\/index.php\/page-d-exemple\/#breadcrumb","itemListElement":[{"@type":"ListItem","position":1,"name":"Home","item":"https:\/\/b2rhconseil.com\/"},{"@type":"ListItem","position":2,"name":"Notre engagement qualit\u00e9"}]},{"@type":"WebSite","@id":"https:\/\/b2rhconseil.com\/#website","url":"https:\/\/b2rhconseil.com\/","name":"B2 RH Conseil","description":"Cabinet RH au service des entreprises et organismes de formation","publisher":{"@id":"https:\/\/b2rhconseil.com\/#organization"},"potentialAction":[{"@type":"SearchAction","target":{"@type":"EntryPoint","urlTemplate":"https:\/\/b2rhconseil.com\/?s={search_term_string}"},"query-input":{"@type":"PropertyValueSpecification","valueRequired":true,"valueName":"search_term_string"}}],"inLanguage":"fr-FR"},{"@type":"Organization","@id":"https:\/\/b2rhconseil.com\/#organization","name":"B2 RH Conseil","url":"https:\/\/b2rhconseil.com\/","logo":{"@type":"ImageObject","inLanguage":"fr-FR","@id":"https:\/\/b2rhconseil.com\/#\/schema\/logo\/image\/","url":"https:\/\/b2rhconseil.com\/wp-content\/uploads\/2023\/01\/cropped-logo-web.jpg","contentUrl":"https:\/\/b2rhconseil.com\/wp-content\/uploads\/2023\/01\/cropped-logo-web.jpg","width":153,"height":104,"caption":"B2 RH Conseil"},"image":{"@id":"https:\/\/b2rhconseil.com\/#\/schema\/logo\/image\/"},"sameAs":["https:\/\/www.facebook.com\/BeatriceBenazetMaury","https:\/\/www.linkedin.com\/in\/beatrice-benazet\/"]}]}},"_links":{"self":[{"href":"https:\/\/b2rhconseil.com\/index.php\/wp-json\/wp\/v2\/pages\/2","targetHints":{"allow":["GET"]}}],"collection":[{"href":"https:\/\/b2rhconseil.com\/index.php\/wp-json\/wp\/v2\/pages"}],"about":[{"href":"https:\/\/b2rhconseil.com\/index.php\/wp-json\/wp\/v2\/types\/page"}],"author":[{"embeddable":true,"href":"https:\/\/b2rhconseil.com\/index.php\/wp-json\/wp\/v2\/users\/1"}],"replies":[{"embeddable":true,"href":"https:\/\/b2rhconseil.com\/index.php\/wp-json\/wp\/v2\/comments?post=2"}],"version-history":[{"count":9,"href":"https:\/\/b2rhconseil.com\/index.php\/wp-json\/wp\/v2\/pages\/2\/revisions"}],"predecessor-version":[{"id":615,"href":"https:\/\/b2rhconseil.com\/index.php\/wp-json\/wp\/v2\/pages\/2\/revisions\/615"}],"wp:attachment":[{"href":"https:\/\/b2rhconseil.com\/index.php\/wp-json\/wp\/v2\/media?parent=2"}],"curies":[{"name":"wp","href":"https:\/\/api.w.org\/{rel}","templated":true}]}}