{"id":142,"date":"2022-10-31T20:02:02","date_gmt":"2022-10-31T19:02:02","guid":{"rendered":"http:\/\/hgoyopv.cluster028.hosting.ovh.net\/?page_id=142"},"modified":"2024-04-26T17:44:59","modified_gmt":"2024-04-26T15:44:59","slug":"bilans-de-competences-ou-dorientation-jeunes","status":"publish","type":"page","link":"https:\/\/b2rhconseil.com\/index.php\/bilans-de-competences-ou-dorientation-jeunes\/","title":{"rendered":"Bilans de comp\u00e9tences"},"content":{"rendered":"\n<h2 class=\"wp-block-heading\"><strong><font color=\"#F0A00C\">Bilan de comp\u00e9tences<\/font><\/strong><\/h2>\n\n\n\n<p><strong><font color=\"#F0A00C\">Les objectifs du bilan de comp\u00e9tences<\/font><\/strong> : il permet d&rsquo;analyser ses comp\u00e9tences personnelles et professionnelles, ses aptitudes et ses motivations, de d\u00e9finir son projet professionnel, d&rsquo;utiliser ses atouts comme un instrument de n\u00e9gociation pour un emploi, une formation ou une \u00e9volution de carri\u00e8re.<\/p>\n\n\n\n<p><\/p>\n\n\n\n<p><strong><font color=\"#F0A00C\">Qui peut en b\u00e9n\u00e9ficier ?<\/font><\/strong> : toute personne active, notamment<\/p>\n\n\n\n<ul class=\"wp-block-list\">\n<li>les salari\u00e9s des secteurs priv\u00e9 ou public<\/li>\n\n\n\n<li>les demandeurs d&#8217;emploi : la demande doit \u00eatre faite \u00e0 France Travail, \u00e0 l&rsquo;APEC ou \u00e0 Cap Emploi<\/li>\n\n\n\n<li>les \u00e9tudiants &#8211; avec un bilan d&rsquo;orientation &#8211; plus court, en fonction du besoin de l&rsquo;\u00e9tudiant<\/li>\n<\/ul>\n\n\n\n<p><\/p>\n\n\n<div class=\"wp-block-image\">\n<figure class=\"aligncenter size-full is-resized\"><img loading=\"lazy\" decoding=\"async\" width=\"873\" height=\"507\" src=\"http:\/\/b2rhconseil.com\/wp-content\/uploads\/2023\/06\/bilans-competences-plusieurs-regions.jpg\" alt=\"\" class=\"wp-image-589\" style=\"width:606px;height:auto\" srcset=\"https:\/\/b2rhconseil.com\/wp-content\/uploads\/2023\/06\/bilans-competences-plusieurs-regions.jpg 873w, https:\/\/b2rhconseil.com\/wp-content\/uploads\/2023\/06\/bilans-competences-plusieurs-regions-300x174.jpg 300w, https:\/\/b2rhconseil.com\/wp-content\/uploads\/2023\/06\/bilans-competences-plusieurs-regions-768x446.jpg 768w\" sizes=\"auto, (max-width: 873px) 100vw, 873px\" \/><figcaption class=\"wp-element-caption\">                                                                      <\/figcaption><\/figure>\n<\/div>\n\n\n<br><\/br>\n\n\n\n<p><strong><font color=\"#F0A00C\">Dur\u00e9e du bilan de comp\u00e9tences<\/font><\/strong> : il est personnalis\u00e9 en fonction du besoin de la personne. Au maximum de 24 heures, il se r\u00e9partit sur plusieurs semaines. Le bilan comprend 3 phases sous la conduite du prestataire.<\/p>\n\n\n\n<p><\/p>\n\n\n<div class=\"wp-block-image\">\n<figure class=\"aligncenter size-large is-resized\"><img loading=\"lazy\" decoding=\"async\" width=\"1024\" height=\"545\" src=\"http:\/\/hgoyopv.cluster028.hosting.ovh.net\/wp-content\/uploads\/2022\/10\/3-etapes-bilan-competences-2-1024x545.png\" alt=\"\" class=\"wp-image-155\" style=\"width:840px;height:447px\" srcset=\"https:\/\/b2rhconseil.com\/wp-content\/uploads\/2022\/10\/3-etapes-bilan-competences-2-1024x545.png 1024w, https:\/\/b2rhconseil.com\/wp-content\/uploads\/2022\/10\/3-etapes-bilan-competences-2-300x160.png 300w, https:\/\/b2rhconseil.com\/wp-content\/uploads\/2022\/10\/3-etapes-bilan-competences-2-768x409.png 768w, https:\/\/b2rhconseil.com\/wp-content\/uploads\/2022\/10\/3-etapes-bilan-competences-2-1536x817.png 1536w, https:\/\/b2rhconseil.com\/wp-content\/uploads\/2022\/10\/3-etapes-bilan-competences-2-2048x1090.png 2048w\" sizes=\"auto, (max-width: 1024px) 100vw, 1024px\" \/><\/figure>\n<\/div>\n\n\n<p>Pour les personnes en situation de handicap qui souhaitent suivre un bilan de comp\u00e9tences, veuillez nous contacter : <strong>06 81 94 38 36<\/strong><\/p>\n\n\n\n<p><\/p>\n\n\n\n<ul class=\"wp-block-list\">\n<li>Notre <strong>code de d\u00e9ontologie<\/strong> est \u00e0 <a href=\"http:\/\/b2rhconseil.com\/wp-content\/uploads\/2024\/04\/Code-deontologique-2024.pdf\"><strong>t\u00e9l\u00e9charger<\/strong><\/a><\/li>\n<\/ul>\n\n\n\n<ul class=\"wp-block-list\">\n<li>La <strong>plaquette d\u00e9taill\u00e9e<\/strong> du bilan de comp\u00e9tences est \u00e0 <strong><a href=\"http:\\\\b2rhconseil.com\/wp-content\/uploads\/2024\/04\/Bilan-de-competences-Flyer-2024.pdf\" target=\"_blank\" rel=\"noreferrer noopener\">t\u00e9l\u00e9charger <\/a><\/strong><\/li>\n<\/ul>\n\n\n\n<p><\/p>\n\n\n\n<br><\/br>\n\n\n\n<h3><strong><font color=\"#0CB9F0\">Bilan de comp\u00e9tences indicateurs de suivi<\/font><\/strong><\/h3>\n\n\n<div class=\"wp-block-image\">\n<figure class=\"aligncenter size-large is-resized\"><img loading=\"lazy\" decoding=\"async\" width=\"1024\" height=\"436\" src=\"http:\/\/hgoyopv.cluster028.hosting.ovh.net\/wp-content\/uploads\/2022\/10\/indicateurs-bilan-competences-1024x436.png\" alt=\"\" class=\"wp-image-159\" style=\"width:427px;height:181px\" srcset=\"https:\/\/b2rhconseil.com\/wp-content\/uploads\/2022\/10\/indicateurs-bilan-competences-1024x436.png 1024w, https:\/\/b2rhconseil.com\/wp-content\/uploads\/2022\/10\/indicateurs-bilan-competences-300x128.png 300w, https:\/\/b2rhconseil.com\/wp-content\/uploads\/2022\/10\/indicateurs-bilan-competences-768x327.png 768w, https:\/\/b2rhconseil.com\/wp-content\/uploads\/2022\/10\/indicateurs-bilan-competences-1536x654.png 1536w, https:\/\/b2rhconseil.com\/wp-content\/uploads\/2022\/10\/indicateurs-bilan-competences-2048x872.png 2048w\" sizes=\"auto, (max-width: 1024px) 100vw, 1024px\" \/><\/figure>\n<\/div>\n\n\n<br><\/br><br><\/br>\n\n\n\n<h6><font color=\"#DDDDDE\">Mise \u00e0 jour &#8211; avril 2024<\/font><\/h6>\n\n\n<div class=\"wp-block-image\">\n<figure class=\"aligncenter size-large is-resized\"><img loading=\"lazy\" decoding=\"async\" width=\"1024\" height=\"343\" src=\"http:\/\/b2rhconseil.com\/wp-content\/uploads\/2022\/11\/qualiopi-1024x343.png\" alt=\"\" class=\"wp-image-245\" style=\"width:447px;height:150px\" srcset=\"https:\/\/b2rhconseil.com\/wp-content\/uploads\/2022\/11\/qualiopi-1024x343.png 1024w, https:\/\/b2rhconseil.com\/wp-content\/uploads\/2022\/11\/qualiopi-300x100.png 300w, https:\/\/b2rhconseil.com\/wp-content\/uploads\/2022\/11\/qualiopi-768x257.png 768w, https:\/\/b2rhconseil.com\/wp-content\/uploads\/2022\/11\/qualiopi-1536x514.png 1536w, https:\/\/b2rhconseil.com\/wp-content\/uploads\/2022\/11\/qualiopi-2048x685.png 2048w\" sizes=\"auto, (max-width: 1024px) 100vw, 1024px\" \/><\/figure>\n<\/div>","protected":false},"excerpt":{"rendered":"<p class=\"qua-blog-post-description\">Bilan de comp\u00e9tences Les objectifs du bilan de comp\u00e9tences : il permet d&rsquo;analyser ses comp\u00e9tences personnelles et professionnelles, ses aptitudes et ses motivations, de d\u00e9finir son projet professionnel, d&rsquo;utiliser ses atouts comme un instrument de n\u00e9gociation pour un emploi, une formation ou une \u00e9volution de carri\u00e8re. Qui peut en b\u00e9n\u00e9ficier ? : toute personne active, [&hellip;]<\/p>\n","protected":false},"author":1,"featured_media":166,"parent":0,"menu_order":0,"comment_status":"closed","ping_status":"closed","template":"","meta":{"footnotes":""},"class_list":["post-142","page","type-page","status-publish","has-post-thumbnail","hentry"],"yoast_head":"<!-- This site is optimized with the Yoast SEO plugin v27.4 - https:\/\/yoast.com\/product\/yoast-seo-wordpress\/ -->\n<title>Bilans de comp\u00e9tences - B2 RH Conseil<\/title>\n<meta name=\"description\" content=\"Bilan de comp\u00e9tences et d&#039;orientation pour les jeunes de 17 \u00e0 25 ans. Osez vous poser pour faire le point sur votre parcours professionnel. Envie de changer, d&#039;\u00e9voluer, de valider un projet ? Contactez-nous\" \/>\n<meta name=\"robots\" content=\"index, follow, max-snippet:-1, max-image-preview:large, max-video-preview:-1\" \/>\n<link rel=\"canonical\" href=\"https:\/\/b2rhconseil.com\/index.php\/bilans-de-competences-ou-dorientation-jeunes\/\" \/>\n<meta property=\"og:locale\" content=\"fr_FR\" \/>\n<meta property=\"og:type\" content=\"article\" \/>\n<meta property=\"og:title\" content=\"Bilans de comp\u00e9tences - B2 RH Conseil\" \/>\n<meta property=\"og:description\" content=\"Bilan de comp\u00e9tences et d&#039;orientation pour les jeunes de 17 \u00e0 25 ans. Osez vous poser pour faire le point sur votre parcours professionnel. Envie de changer, d&#039;\u00e9voluer, de valider un projet ? Contactez-nous\" \/>\n<meta property=\"og:url\" content=\"https:\/\/b2rhconseil.com\/index.php\/bilans-de-competences-ou-dorientation-jeunes\/\" \/>\n<meta property=\"og:site_name\" content=\"B2 RH Conseil\" \/>\n<meta property=\"article:publisher\" content=\"https:\/\/www.facebook.com\/BeatriceBenazetMaury\" \/>\n<meta property=\"article:modified_time\" content=\"2024-04-26T15:44:59+00:00\" \/>\n<meta property=\"og:image\" content=\"https:\/\/b2rhconseil.com\/wp-content\/uploads\/2022\/10\/image-fond-bilan-competence.jpg\" \/>\n\t<meta property=\"og:image:width\" content=\"1920\" \/>\n\t<meta property=\"og:image:height\" content=\"938\" \/>\n\t<meta property=\"og:image:type\" content=\"image\/jpeg\" \/>\n<meta name=\"twitter:card\" content=\"summary_large_image\" \/>\n<meta name=\"twitter:label1\" content=\"Dur\u00e9e de lecture estim\u00e9e\" \/>\n\t<meta name=\"twitter:data1\" content=\"2 minutes\" \/>\n<script type=\"application\/ld+json\" class=\"yoast-schema-graph\">{\"@context\":\"https:\\\/\\\/schema.org\",\"@graph\":[{\"@type\":\"WebPage\",\"@id\":\"https:\\\/\\\/b2rhconseil.com\\\/index.php\\\/bilans-de-competences-ou-dorientation-jeunes\\\/\",\"url\":\"https:\\\/\\\/b2rhconseil.com\\\/index.php\\\/bilans-de-competences-ou-dorientation-jeunes\\\/\",\"name\":\"Bilans de comp\u00e9tences - B2 RH Conseil\",\"isPartOf\":{\"@id\":\"https:\\\/\\\/b2rhconseil.com\\\/#website\"},\"primaryImageOfPage\":{\"@id\":\"https:\\\/\\\/b2rhconseil.com\\\/index.php\\\/bilans-de-competences-ou-dorientation-jeunes\\\/#primaryimage\"},\"image\":{\"@id\":\"https:\\\/\\\/b2rhconseil.com\\\/index.php\\\/bilans-de-competences-ou-dorientation-jeunes\\\/#primaryimage\"},\"thumbnailUrl\":\"https:\\\/\\\/b2rhconseil.com\\\/wp-content\\\/uploads\\\/2022\\\/10\\\/image-fond-bilan-competence.jpg\",\"datePublished\":\"2022-10-31T19:02:02+00:00\",\"dateModified\":\"2024-04-26T15:44:59+00:00\",\"description\":\"Bilan de comp\u00e9tences et d'orientation pour les jeunes de 17 \u00e0 25 ans. Osez vous poser pour faire le point sur votre parcours professionnel. Envie de changer, d'\u00e9voluer, de valider un projet ? Contactez-nous\",\"breadcrumb\":{\"@id\":\"https:\\\/\\\/b2rhconseil.com\\\/index.php\\\/bilans-de-competences-ou-dorientation-jeunes\\\/#breadcrumb\"},\"inLanguage\":\"fr-FR\",\"potentialAction\":[{\"@type\":\"ReadAction\",\"target\":[\"https:\\\/\\\/b2rhconseil.com\\\/index.php\\\/bilans-de-competences-ou-dorientation-jeunes\\\/\"]}]},{\"@type\":\"ImageObject\",\"inLanguage\":\"fr-FR\",\"@id\":\"https:\\\/\\\/b2rhconseil.com\\\/index.php\\\/bilans-de-competences-ou-dorientation-jeunes\\\/#primaryimage\",\"url\":\"https:\\\/\\\/b2rhconseil.com\\\/wp-content\\\/uploads\\\/2022\\\/10\\\/image-fond-bilan-competence.jpg\",\"contentUrl\":\"https:\\\/\\\/b2rhconseil.com\\\/wp-content\\\/uploads\\\/2022\\\/10\\\/image-fond-bilan-competence.jpg\",\"width\":1920,\"height\":938},{\"@type\":\"BreadcrumbList\",\"@id\":\"https:\\\/\\\/b2rhconseil.com\\\/index.php\\\/bilans-de-competences-ou-dorientation-jeunes\\\/#breadcrumb\",\"itemListElement\":[{\"@type\":\"ListItem\",\"position\":1,\"name\":\"Home\",\"item\":\"https:\\\/\\\/b2rhconseil.com\\\/\"},{\"@type\":\"ListItem\",\"position\":2,\"name\":\"Bilans de comp\u00e9tences\"}]},{\"@type\":\"WebSite\",\"@id\":\"https:\\\/\\\/b2rhconseil.com\\\/#website\",\"url\":\"https:\\\/\\\/b2rhconseil.com\\\/\",\"name\":\"B2 RH Conseil\",\"description\":\"Cabinet RH au service des entreprises et organismes de formation\",\"publisher\":{\"@id\":\"https:\\\/\\\/b2rhconseil.com\\\/#organization\"},\"potentialAction\":[{\"@type\":\"SearchAction\",\"target\":{\"@type\":\"EntryPoint\",\"urlTemplate\":\"https:\\\/\\\/b2rhconseil.com\\\/?s={search_term_string}\"},\"query-input\":{\"@type\":\"PropertyValueSpecification\",\"valueRequired\":true,\"valueName\":\"search_term_string\"}}],\"inLanguage\":\"fr-FR\"},{\"@type\":\"Organization\",\"@id\":\"https:\\\/\\\/b2rhconseil.com\\\/#organization\",\"name\":\"B2 RH Conseil\",\"url\":\"https:\\\/\\\/b2rhconseil.com\\\/\",\"logo\":{\"@type\":\"ImageObject\",\"inLanguage\":\"fr-FR\",\"@id\":\"https:\\\/\\\/b2rhconseil.com\\\/#\\\/schema\\\/logo\\\/image\\\/\",\"url\":\"https:\\\/\\\/b2rhconseil.com\\\/wp-content\\\/uploads\\\/2023\\\/01\\\/cropped-logo-web.jpg\",\"contentUrl\":\"https:\\\/\\\/b2rhconseil.com\\\/wp-content\\\/uploads\\\/2023\\\/01\\\/cropped-logo-web.jpg\",\"width\":153,\"height\":104,\"caption\":\"B2 RH Conseil\"},\"image\":{\"@id\":\"https:\\\/\\\/b2rhconseil.com\\\/#\\\/schema\\\/logo\\\/image\\\/\"},\"sameAs\":[\"https:\\\/\\\/www.facebook.com\\\/BeatriceBenazetMaury\",\"https:\\\/\\\/www.linkedin.com\\\/in\\\/beatrice-benazet\\\/\"]}]}<\/script>\n<!-- \/ Yoast SEO plugin. -->","yoast_head_json":{"title":"Bilans de comp\u00e9tences - B2 RH Conseil","description":"Bilan de comp\u00e9tences et d'orientation pour les jeunes de 17 \u00e0 25 ans. Osez vous poser pour faire le point sur votre parcours professionnel. Envie de changer, d'\u00e9voluer, de valider un projet ? Contactez-nous","robots":{"index":"index","follow":"follow","max-snippet":"max-snippet:-1","max-image-preview":"max-image-preview:large","max-video-preview":"max-video-preview:-1"},"canonical":"https:\/\/b2rhconseil.com\/index.php\/bilans-de-competences-ou-dorientation-jeunes\/","og_locale":"fr_FR","og_type":"article","og_title":"Bilans de comp\u00e9tences - B2 RH Conseil","og_description":"Bilan de comp\u00e9tences et d'orientation pour les jeunes de 17 \u00e0 25 ans. Osez vous poser pour faire le point sur votre parcours professionnel. Envie de changer, d'\u00e9voluer, de valider un projet ? Contactez-nous","og_url":"https:\/\/b2rhconseil.com\/index.php\/bilans-de-competences-ou-dorientation-jeunes\/","og_site_name":"B2 RH Conseil","article_publisher":"https:\/\/www.facebook.com\/BeatriceBenazetMaury","article_modified_time":"2024-04-26T15:44:59+00:00","og_image":[{"width":1920,"height":938,"url":"https:\/\/b2rhconseil.com\/wp-content\/uploads\/2022\/10\/image-fond-bilan-competence.jpg","type":"image\/jpeg"}],"twitter_card":"summary_large_image","twitter_misc":{"Dur\u00e9e de lecture estim\u00e9e":"2 minutes"},"schema":{"@context":"https:\/\/schema.org","@graph":[{"@type":"WebPage","@id":"https:\/\/b2rhconseil.com\/index.php\/bilans-de-competences-ou-dorientation-jeunes\/","url":"https:\/\/b2rhconseil.com\/index.php\/bilans-de-competences-ou-dorientation-jeunes\/","name":"Bilans de comp\u00e9tences - B2 RH Conseil","isPartOf":{"@id":"https:\/\/b2rhconseil.com\/#website"},"primaryImageOfPage":{"@id":"https:\/\/b2rhconseil.com\/index.php\/bilans-de-competences-ou-dorientation-jeunes\/#primaryimage"},"image":{"@id":"https:\/\/b2rhconseil.com\/index.php\/bilans-de-competences-ou-dorientation-jeunes\/#primaryimage"},"thumbnailUrl":"https:\/\/b2rhconseil.com\/wp-content\/uploads\/2022\/10\/image-fond-bilan-competence.jpg","datePublished":"2022-10-31T19:02:02+00:00","dateModified":"2024-04-26T15:44:59+00:00","description":"Bilan de comp\u00e9tences et d'orientation pour les jeunes de 17 \u00e0 25 ans. Osez vous poser pour faire le point sur votre parcours professionnel. Envie de changer, d'\u00e9voluer, de valider un projet ? Contactez-nous","breadcrumb":{"@id":"https:\/\/b2rhconseil.com\/index.php\/bilans-de-competences-ou-dorientation-jeunes\/#breadcrumb"},"inLanguage":"fr-FR","potentialAction":[{"@type":"ReadAction","target":["https:\/\/b2rhconseil.com\/index.php\/bilans-de-competences-ou-dorientation-jeunes\/"]}]},{"@type":"ImageObject","inLanguage":"fr-FR","@id":"https:\/\/b2rhconseil.com\/index.php\/bilans-de-competences-ou-dorientation-jeunes\/#primaryimage","url":"https:\/\/b2rhconseil.com\/wp-content\/uploads\/2022\/10\/image-fond-bilan-competence.jpg","contentUrl":"https:\/\/b2rhconseil.com\/wp-content\/uploads\/2022\/10\/image-fond-bilan-competence.jpg","width":1920,"height":938},{"@type":"BreadcrumbList","@id":"https:\/\/b2rhconseil.com\/index.php\/bilans-de-competences-ou-dorientation-jeunes\/#breadcrumb","itemListElement":[{"@type":"ListItem","position":1,"name":"Home","item":"https:\/\/b2rhconseil.com\/"},{"@type":"ListItem","position":2,"name":"Bilans de comp\u00e9tences"}]},{"@type":"WebSite","@id":"https:\/\/b2rhconseil.com\/#website","url":"https:\/\/b2rhconseil.com\/","name":"B2 RH Conseil","description":"Cabinet RH au service des entreprises et organismes de formation","publisher":{"@id":"https:\/\/b2rhconseil.com\/#organization"},"potentialAction":[{"@type":"SearchAction","target":{"@type":"EntryPoint","urlTemplate":"https:\/\/b2rhconseil.com\/?s={search_term_string}"},"query-input":{"@type":"PropertyValueSpecification","valueRequired":true,"valueName":"search_term_string"}}],"inLanguage":"fr-FR"},{"@type":"Organization","@id":"https:\/\/b2rhconseil.com\/#organization","name":"B2 RH Conseil","url":"https:\/\/b2rhconseil.com\/","logo":{"@type":"ImageObject","inLanguage":"fr-FR","@id":"https:\/\/b2rhconseil.com\/#\/schema\/logo\/image\/","url":"https:\/\/b2rhconseil.com\/wp-content\/uploads\/2023\/01\/cropped-logo-web.jpg","contentUrl":"https:\/\/b2rhconseil.com\/wp-content\/uploads\/2023\/01\/cropped-logo-web.jpg","width":153,"height":104,"caption":"B2 RH Conseil"},"image":{"@id":"https:\/\/b2rhconseil.com\/#\/schema\/logo\/image\/"},"sameAs":["https:\/\/www.facebook.com\/BeatriceBenazetMaury","https:\/\/www.linkedin.com\/in\/beatrice-benazet\/"]}]}},"_links":{"self":[{"href":"https:\/\/b2rhconseil.com\/index.php\/wp-json\/wp\/v2\/pages\/142","targetHints":{"allow":["GET"]}}],"collection":[{"href":"https:\/\/b2rhconseil.com\/index.php\/wp-json\/wp\/v2\/pages"}],"about":[{"href":"https:\/\/b2rhconseil.com\/index.php\/wp-json\/wp\/v2\/types\/page"}],"author":[{"embeddable":true,"href":"https:\/\/b2rhconseil.com\/index.php\/wp-json\/wp\/v2\/users\/1"}],"replies":[{"embeddable":true,"href":"https:\/\/b2rhconseil.com\/index.php\/wp-json\/wp\/v2\/comments?post=142"}],"version-history":[{"count":38,"href":"https:\/\/b2rhconseil.com\/index.php\/wp-json\/wp\/v2\/pages\/142\/revisions"}],"predecessor-version":[{"id":624,"href":"https:\/\/b2rhconseil.com\/index.php\/wp-json\/wp\/v2\/pages\/142\/revisions\/624"}],"wp:featuredmedia":[{"embeddable":true,"href":"https:\/\/b2rhconseil.com\/index.php\/wp-json\/wp\/v2\/media\/166"}],"wp:attachment":[{"href":"https:\/\/b2rhconseil.com\/index.php\/wp-json\/wp\/v2\/media?parent=142"}],"curies":[{"name":"wp","href":"https:\/\/api.w.org\/{rel}","templated":true}]}}